igit of n(i)?
3
Suppose -3*z + 3*j = 12, 0 = -3*z - 4*j - 2 + 4. What is the units digit of (-1 - z)/((-1)/(-6))?
6
Suppose 0 = 3*p - t - 752, 2*p + 2*t - 755 = -p. Suppose 3*k - 620 = -4*n, -197 = -3*n + 2*k + p. What is the units digit of n?
2
Suppose 0 = 2*l - w - 3536, -3*w = 4*l - 6*l + 3544. What is the tens digit of l?
6
Suppose -8*g = -3*g - 125. What is the units digit of 710/g - 4/10?
8
Let i = 2971 - 373. What is the thousands digit of i?
2
Let m = 27 + -32. What is the units digit of (-16)/(17/m + 3)?
0
Suppose -10 = 5*f, 4*g + 2*f - 12 = 32. Let q(u) = -5 - 2 - 45*u + 121*u - 63*u - u**2. What is the units digit of q(g)?
5
Let u(f) = -f - 3. Let b be u(-7). Suppose -5*q = 5, -5*i + 3*q + 66 = -b*i. Suppose i = 3*t - 3*d, 2*t = -0*t - 3*d + 37. What is the tens digit of t?
2
Suppose 5*q + 15 = 4*q - 3*s, -5*s + 55 = -q. Let f = -29 - q. Let v(l) = 21*l. What is the tens digit of v(f)?
2
Let d(b) = -b - 1. Let u be d(-5). Suppose -u*h - 4*q = -20, 0*h = 2*h - 4*q - 28. What is the units digit of h?
8
Suppose -w + 8 + 4 = m, -4*w = 12. Let k = -46 - -64. What is the tens digit of (k/m)/((-2)/(-85))?
5
Let m(n) = -n - n**3 - 2*n**3 + 3*n - 3*n**2 + 0*n. Let p be m(-3). Suppose 3*i = 4*g - 60, -5*g = 2*i + i - p. What is the tens digit of g?
1
Let k = 42 - -166. What is the hundreds digit of k?
2
Let u be 1 - (-1 - 0)*16. Suppose -2*q + 3 + u = 2*l, -2*l + 5 = -q. Suppose -l*s + 326 = 66. What is the units digit of s?
2
Let m(p) = -p**2 - 2*p + 77. Let z(r) = -2*r + 14. Let h be z(7). What is the tens digit of m(h)?
7
Suppose p = -i - 76, 3*p = 5*i - 98 - 98. Let c = p + 279. What is the units digit of c?
7
Suppose -32 = -2*v + 3*w, 2*w = 4*v + 5*w - 28. Let h(f) = -f**3 + 9*f**2 + 14*f + 10. What is the units digit of h(v)?
0
Suppose -24*v = -60466 - 33974. What is the hundreds digit of v?
9
Suppose -9*o = -3*o - 30. Suppose -4*l = -3*l - 61. Suppose -o - l = -2*u. What is the units digit of u?
3
What is the tens digit of (5 + 4035/(-20))*-4?
8
Let w = -42 - -83. What is the units digit of w?
1
Let y be ((-30)/(-4))/(9/18). Suppose u - y = -4*u. Suppose -2*o + u*p + 18 = -1, 29 = 3*o - 4*p. What is the tens digit of o?
1
Let r(g) = 16*g**2 - 8*g + 3. What is the units digit of r(3)?
3
Let x = -25 + 29. What is the tens digit of (-65)/(-4) + (-1)/x?
1
Suppose 0 = 2*u - 5*q + 6, 4*q - 16 - 8 = 4*u. Let i(g) = 2*g**2 + 6*g + 9. What is the units digit of i(u)?
9
Let c be (32/(-10))/(-1*(-1)/(-5)). Suppose p - 24 = 4*f, 5*f + 3 = p - c. What is the tens digit of p?
4
Suppose y + 0*y - 4 = 0. Let i = y + -6. What is the units digit of (i/6)/((-1)/93)?
1
Let k be (-2)/(2 - 20/8). What is the units digit of 7 - 9/(k + -1)?
4
What is the units digit of (-18)/(-54) - (-3 - (-22100)/(-12))?
5
Let x(l) = -l**3 - 7*l**2 + 6*l + 12. Let u be x(-8). Suppose -5*p + 4*w = -20 - 28, 2*p - 24 = 4*w. Let q = u - p. What is the units digit of q?
0
Let l = -59 + 40. Let s = l - -23. Let v(u) = 12*u - 9. What is the tens digit of v(s)?
3
Let z = 56 - 30. Let v = 38 - z. What is the tens digit of -265*(1 - v/10)?
5
Suppose 4*m - 503 - 1468 = 5*i, 0 = 5*m - 2*i - 2485. What is the units digit of m?
9
Let a = -80 + -256. Let l = -219 - a. What is the tens digit of l?
1
Let v(k) = -9*k + 4. Let g(d) = -4*d + 2. Let r = -17 + 19. Let z(b) = r*v(b) - 5*g(b). What is the units digit of z(7)?
2
Suppose 0 = -7*s - 2*s + 1908. Suppose 4*d = -3*b + s, -d + 4*b = 3*d - 212. What is the tens digit of d?
5
Suppose -2*q = -4*l - 1914, 3*q - 4*l = -0*l + 2871. What is the tens digit of q?
5
Suppose -1636 = -m + 5*r, 0 = 5*m - 7*r + 8*r - 8076. What is the hundreds digit of m?
6
Suppose g = 2*w - 1249, -10*g + 7*g - 617 = -w. What is the tens digit of w?
2
Let c(g) = 5*g - 194. Let j be c(0). Let v = j - -297. What is the units digit of v?
3
Let x be (-2)/(-48)*6*124. What is the hundreds digit of (60/14)/(x/1085)?
1
Suppose 0 = -2*z, -5*z + 3*z = -2*k + 8578. What is the thousands digit of k?
4
Let k be (164/8)/(3/(-6)). Let v be k/2*10/5. Let w = -7 - v. What is the units digit of w?
4
Suppose 753 = -7*d + 3721. What is the units digit of d?
4
Suppose -3*r = 10 + 113. Let t = r + 93. What is the units digit of t?
2
Suppose -b = r - 94 - 191, -1395 = -5*r + 5*b. What is the hundreds digit of r?
2
What is the tens digit of 4/12 - (-51920)/30?
3
Let q(m) be the third derivative of -m**6/120 + m**5/15 + 5*m**4/24 - m**3/2 + 2*m**2. What is the tens digit of q(2)?
1
Suppose -3*s + 2 = -7. Let g be (-92)/((-9)/s + 2). Let o = g - 56. What is the units digit of o?
6
Let n = 4777 - 3401. What is the hundreds digit of n?
3
Let q(t) be the second derivative of -21*t**3/2 - t**2 + 2*t. What is the tens digit of q(-1)?
6
Let g = 6821 - 1537. What is the units digit of g?
4
Let m(j) = -45*j**3 - 4*j**2 - 9*j + 3. What is the hundreds digit of m(-3)?
2
Let z = -52 - -92. Let f = 142 - z. What is the hundreds digit of f?
1
Suppose 2*m - 4*m - 36 = 0. Suppose 0 = -2*h + 5*s - 74, -3*h - 111 = 2*s + 2*s. Let v = m - h. What is the units digit of v?
9
Let g = -4703 + 9079. What is the units digit of g?
6
Suppose 11*i = 1347 + 2921. What is the tens digit of i?
8
Let r = -1060 + 1870. What is the hundreds digit of r?
8
Suppose 0 = -71*r + 69*r + 20. Suppose 154 = -9*a + r*a. What is the units digit of a?
4
Suppose -3*h - 3*x + 14 + 13 = 0, -5*h = -3*x - 21. Let v(c) be the third derivative of 11*c**4/24 - 2*c**3 + c**2. What is the units digit of v(h)?
4
Let t = 119 + 42. Suppose -110 = -4*z + 3*l + 551, -z + 5*l + t = 0. What is the units digit of z?
6
Let v(o) = o**2 + 26*o - 990. What is the thousands digit of v(53)?
3
Suppose 730 = g + 2*h, -5*g - 30 + 3641 = -3*h. What is the tens digit of g?
2
Suppose -47*y = -15*y - 2880. What is the tens digit of y?
9
Suppose 0 = -3*q + i + 3385, -5*i + 4*i = 2*q - 2255. What is the hundreds digit of q?
1
Let c be (1 - -1)*67/2. Let d = 460 - 487. Let m = d + c. What is the tens digit of m?
4
Let s(m) = 8*m**3 - 6*m**2 + 4*m - 5. What is the hundreds digit of s(3)?
1
Suppose 4*y = 115 + 145. Suppose -r = -2*r - 2. Let s = y + r. What is the tens digit of s?
6
Let i = -11 + -3. Let d be (-3 + i)/((-2)/6). Suppose -4*v + 191 = -3*g, 76 + d = 3*v + g. What is the tens digit of v?
4
Let a(n) = n**2 - 22*n - 55. What is the tens digit of a(27)?
8
Let v = 21 - 15. Let r = v + -4. Suppose 0 = -3*b - 5*c + 85, 0 = -2*b - r*c + 41 + 17. What is the tens digit of b?
3
Suppose -6 = -4*b - 5*t + 22, 2*t = 5*b - 2. Suppose -9 = b*h + 2*i - 1, 2*h = -i - 3. Suppose -3*x + 40 = h. What is the tens digit of x?
1
Let i = 302 + -182. Suppose 9*p + 3*p = i. What is the units digit of p?
0
Let o = -452 + 556. What is the tens digit of o?
0
Suppose -f - 4*z = 4 + 2, -4*f - 5*z = -9. Suppose 4*p + 9 = -35. Let w = f - p. What is the tens digit of w?
1
Suppose 15300 = -11*k + 29*k. What is the tens digit of k?
5
Let b = 112 + 78. What is the units digit of b?
0
Suppose -81*t + 79*t + 2800 = 0. What is the thousands digit of t?
1
Let c = -2 + -2. Let x(v) = -9*v + 8. Let b(q) = -19*q + 17. Let t(r) = c*b(r) + 9*x(r). What is the tens digit of t(-3)?
1
Let l = 2127 - 778. What is the hundreds digit of l?
3
Suppose 3*u + 132 = -0*d + d, -d + 5*u + 122 = 0. What is the hundreds digit of d?
1
Suppose -56*w = -854 - 24738. What is the units digit of w?
7
Suppose -5 = -6*j + j. Let y(p) = 295*p + 4. What is the hundreds digit of y(j)?
2
Suppose -4*f - 4*d = 72, -f - 4*f = -d + 90. Let t = 7 + f. What is the units digit of (-4)/(-5)*(-1 - t)?
8
Suppose 143 = g + 5*p, 0 = 10*g - 6*g + 4*p - 620. What is the units digit of g?
8
Let u(d) = -d + 6. Let l(k) = 2*k - 17. Let p be l(10). What is the units digit of u(p)?
3
Suppose -6*s + 3058 = 544. What is the units digit of s/3 + 2/6?
0
Suppose -6 = d + 2*u, -u - 46 = 5*d + u. What is the units digit of (-2 - d/(-1))*8/(-6)?
6
Suppose -46*v + 20 = -42*v, 2550 = i - v. What is the units digit of i?
5
Suppose 5*q - 3*d + 7*d = 26225, 3*q = 2*d + 15735. What is the units digit of q?
5
Let w = 501 - -40. What is the units digit of w?
1
Let h(v) = v**2 - 11*v + 14. Let u be h(10). Suppose j - f = 6, j - u*f = 6*j + 15. What is the units digit of j?
1
Let a(y) = 4*y**2 + 15*y + 147. What is the units digit of a(-24)?
1
Suppose 3*v - 2*